(-1 + -2). Suppose t + 1 = 0, 5*t = -3*q + 2*t + a. What is the greatest common divisor of 28 and q?
14
Let y = 38 - 11. Calculate the greatest common factor of 18 and y.
9
Let w(q) = 3*q**3 + 2*q**2 - 3*q + 2. Let f be w(1). Suppose -s + 4 = 5*x - 22, 3*s = -f*x + 12. Calculate the greatest common factor of x and 48.
6
Let t be (-5)/(0 - -1 - 2). Let r = t + 0. Suppose 0 = r*w - 159 - 6. Calculate the highest common factor of 11 and w.
11
Suppose 5*f - 28 = p + 49, 3*f = 4*p + 53. Let u(b) = -106*b**3 - b**2 - b - 1. Let o be u(-1). Calculate the greatest common factor of o and f.
15
Let x = -22 - -40. Calculate the greatest common factor of x and 2.
2
Let t be (2 - -6)*(-5)/(-2). What is the greatest common factor of 10 and t?
10
Let h(d) = d**2 + 2*d - 11. Let q be h(-6). Calculate the greatest common divisor of q and 65.
13
Let c be (19 + 2)/((-6)/(-4)). Let t = 3 + 0. Let u be (2 - 1)/(t/42). What is the highest common factor of u and c?
14
Let w be -1225*(68/(-20) - -3). What is the greatest common factor of w and 70?
70
Let v = 2 - 0. Suppose v*j = -j + 48. Suppose -5*t - 1 = -3*f - 5, 3*f - t - j = 0. What is the greatest common divisor of 63 and f?
7
Suppose 2*p - 1 = 3, -5*p + 12 = g. What is the highest common factor of 22 and g?
2
Let b(k) = 4*k**3 + 6*k**2 - 2*k + 8 - 5*k**3 + k. Let c be b(6). What is the greatest common divisor of c and 1?
1
Let c = 126 + -108. What is the highest common divisor of 90 and c?
18
Let k = -135 + 423. What is the greatest common factor of 12 and k?
12
Let y be (1 + -1)*4/8. Suppose y*z = -3*z + 300. Calculate the greatest common factor of 20 and z.
20
Let r = 1 + 3. Let d be 243 + 2/(r/(-2)). Calculate the greatest common factor of d and 22.
22
Let q be 64/(-6)*(-27)/12. Suppose 2*s - q - 18 = 0. Calculate the highest common factor of s and 7.
7
Suppose 16 = 3*f + 1. Suppose -6 = -l - 5*c, -2*l - 4*c = -l - f. What is the highest common divisor of l and 8?
1
Let z be 2/(-4) - ((-210)/12 - 3). Calculate the greatest common factor of 5 and z.
5
Let g be (2 + 6 + 0)*20/2. What is the greatest common divisor of 10 and g?
10
Let k = -15 - -26. Suppose -2*i - 4*c = -9 - k, 0 = -i - c + 11. What is the highest common factor of i and 132?
12
Let y = 36 - -2. Let o(k) = 3*k**2 + 4*k - 7. Let g be o(4). What is the greatest common factor of g and y?
19
Let b be -3*2*203/(-21). Let v = 36 - b. Let z = v + 33. What is the greatest common factor of z and 88?
11
Let t = -28 - -37. Let c be (-2)/7 + (-195)/(-21). Calculate the greatest common factor of c and t.
9
Let m(x) = x**2 + 17*x + 24. Let s be m(-16). Calculate the highest common divisor of s and 88.
8
Let p(l) = l**3 + 4*l**2 - 2*l - 4. Let q be p(-4). Suppose n - 3*v = 24, 0 = -q*n + 5*v - 0*v + 68. What is the greatest common divisor of n and 60?
12
Suppose 2*n = 42 + 20. Let v = -89 + 337. Calculate the highest common factor of v and n.
31
Suppose 717 - 112 = 5*x. Calculate the greatest common divisor of 11 and x.
11
Suppose 0*q + 75 = 3*q. Calculate the greatest common divisor of q and 10.
5
Suppose -10*g + 12*g - 44 = 0. Calculate the highest common divisor of g and 33.
11
Let l(u) = -21*u + 21. Let k be l(-4). What is the greatest common factor of 15 and k?
15
Let v be (1 + -11)*-1 - 0. Let c(n) = 2*n. Let x be c(2). Suppose 0 = r, x*r + 60 = 5*w - w. What is the greatest common factor of v and w?
5
Suppose 0*b - 34 = -2*b. Suppose 5*n = b + 23. Calculate the greatest common factor of n and 12.
4
Let n be -4*-2*15/(-12). Let f = n - -21. What is the greatest common factor of f and 88?
11
Suppose 0 = 4*t + 550 + 978. Let u = t + 802. Suppose -5*g + u = -0*g. Calculate the greatest common factor of g and 12.
12
Let r = 100 - 55. Let n = 141 + -200. Let w be n/(-4) - (-1)/4. Calculate the greatest common factor of w and r.
15
Let g be (-24)/18*(-18)/(-4). Let p = g - -12. Suppose i + 0*i = -w + 43, 4*i + 5*w - 173 = 0. Calculate the greatest common divisor of i and p.
6
Let n = 35 - 21. Let i be (n/4 + -2)*6. Calculate the highest common factor of 3 and i.
3
Let n be 5*-6*2/(-20). Calculate the highest common divisor of n and 2.
1
Let j = -97 + 187. Suppose j + 77 = x. Suppose -o - 4*o + b = -x, 2*o - 74 = 4*b. What is the greatest common divisor of 22 and o?
11
Let f(p) = 2*p**3 - 3*p**3 - p**2 + 4*p**3 - 2*p**3 + 12. Let u be f(0). What is the greatest common factor of 24 and u?
12
Let l be 20*1/(8/26). Calculate the highest common factor of l and 5.
5
Let z be (171/6)/(6/8). Suppose u + z = f, 0 = 4*f + 2*u - 4*u - 146. What is the greatest common factor of f and 5?
5
Suppose -8 = -4*f, -4*o + 410 = -0*f - 3*f. Let x = -2 - -15. Calculate the highest common factor of o and x.
13
Suppose 4*i + 3*i - 42 = 0. What is the highest common factor of i and 120?
6
Let n(m) = 54*m**2 - m. Let r(o) = -o**2 - 3*o - 3. Let j be r(-2). Let g be n(j). Calculate the highest common factor of g and 22.
11
Suppose 3*j = 2*y - y + 19, -37 = -4*j - y. Let m = -19 + 35. What is the highest common factor of j and m?
8
Let p(y) = -y**2 + 8*y + 4. Let g be p(4). What is the highest common factor of g and 10?
10
Let y = -1 + -6. Let j(m) = -m**3 - 6*m**2 + 5*m - 7. Let g be j(y). Calculate the greatest common divisor of 63 and g.
7
Suppose 7*d - 3*d = 80. Let q = -72 + 122. What is the greatest common factor of q and d?
10
Suppose 5*f - 633 - 172 = 0. Let r = 27 + -45. Let t = 41 + r. What is the highest common divisor of f and t?
23
Suppose -5*s = -4*r + 565, -5*s = 2*r - 4*s - 265. Let i = -11 - -26. Calculate the highest common factor of r and i.
15
Let x = -25 + 30. Let u = -29 + -10. Let i = u - -74. Calculate the greatest common divisor of i and x.
5
Suppose -3*c + 95 - 35 = 0. Calculate the greatest common factor of 10 and c.
10
Let f be ((-7)/14)/(1/4) - -13. Calculate the highest common factor of f and 121.
11
Let w = -49 - -59. Let o = -119 - -229. Calculate the greatest common divisor of o and w.
10
Let g = 4 + 1. Suppose -395 = -g*d + 5*m, -2*d = -m - 0*m - 154. What is the highest common factor of 30 and d?
15
Let u be ((-24)/16 + -6)*(-2)/3. Calculate the highest common factor of u and 25.
5
Let a(v) be the third derivative of -v**5/60 - 7*v**4/24 + 4*v**3/3 + 2*v**2. Let k be a(-6). What is the greatest common divisor of k and 112?
14
Let j = -55 + 57. What is the greatest common factor of 6 and j?
2
Let k(c) = -c**3 - 7*c**2 + c + 10. Let o be k(-7). Let x be (-4)/8*(1 + -3). Let w be 2/(-1) + 2 + x. What is the highest common divisor of w and o?
1
Suppose -2*y = -y - s - 269, -2*s = -y + 274. Let b = -156 + y. Suppose 0*t = 4*t - b. What is the greatest common divisor of 9 and t?
9
Let r = 57 + -33. Calculate the greatest common factor of r and 3.
3
Suppose -3*x + 920 = -2*g, -2*x = 2*g + g - 635. Calculate the highest common divisor of x and 10.
10
Let d(u) = -u**3 - 4*u**2 - 5*u - 4. Let a be d(-3). Suppose -4*y + a = -3*y. Calculate the highest common divisor of 22 and y.
2
Let o be 10*(7/(-2) + 4). Suppose -4*p - 6 = -5*f, 0*p - 5*f + 15 = o*p. What is the greatest common divisor of p and 10?
1
Let q(i) = -i**3 - 2*i**2 + 3*i + 4. Let p be q(-3). Suppose 0*k - 2*k - 5*t + 30 = 0, -8 = -p*t. Calculate the highest common factor of k and 80.
10
Let m(l) = 31*l + 2. Let o be m(4). Let i = o - -28. Let q(j) = 13*j**2 + j. Let y be q(1). What is the highest common divisor of i and y?
14
Let w = 2 - -10. What is the highest common divisor of w and 36?
12
Let g(r) = 10*r - 1. Let u(i) = 15*i - 2. Let n(h) = -8*g(h) + 5*u(h). Let v = -7 + 4. Let p be n(v). Calculate the highest common divisor of p and 65.
13
Let n be (-20)/(-2)*(-5)/(-10). Let u be 2/(n - 3) - -45. Calculate the highest common factor of 69 and u.
23
Let n be ((-120)/(-75))/(2/55). Calculate the highest common factor of 44 and n.
44
Suppose 2*t - 4830 = -3*t. Let z be t/4 - (-2)/4. What is the highest common factor of z and 22?
22
Let k(l) = 2*l**2 - 8*l - 5. Let b be k(6). Let y(n) = -n**3 + n**2 - 4*n + 1. Let a be y(-3). Let t = a - b. Calculate the highest common divisor of t and 75.
15
Let j = 59 - 40. Let m(y) = -y**2 + 26*y + 7. Let u be m(4). Calculate the greatest common factor of j and u.
19
Let q be -2*27/(-6) - 2. Let u = q + -4. Let a be (2/u)/(2/54). What is the highest common fa